0641*s + 376. Determine o(383).
-7
Let s(y) = y**3 + 30*y**2 - 11*y - 1942. Determine s(-28).
-66
Let c(u) = -30*u**3 + 598*u**2 + 38*u + 92. Determine c(20).
52
Let f(v) = v**3 + 5*v**2 + 99*v - 552. What is f(6)?
438
Let g(r) = -r**3 + 269*r**2 - 4283*r - 286. Determine g(252).
-34
Let b(w) = -15*w**2 + 2801*w + 774278. Determine b(339).
2
Let o(p) = -44*p**2 + 715*p + 566. Give o(17).
5
Let b(g) = g**3 - 48*g**2 - 724*g + 33127. Calculate b(49).
52
Let q(z) = z**3 - 20*z**2 + 272*z + 30. Determine q(13).
2383
Let r(q) = 274*q**2 - 2737*q - 32650. Give r(17).
7
Let s(i) = i**2 - 2233*i + 26651. What is s(12)?
-1
Let d(b) = -b**2 - 11043*b + 143723. Determine d(13).
-5
Let y(o) = -178*o + 2156. Give y(9).
554
Let q(v) = -344*v + 29686. Determine q(90).
-1274
Let a(w) = -108576*w + 3691591. Give a(34).
7
Let v(b) = -1427*b - 5443. Calculate v(-4).
265
Let g(z) = 1072*z**3 - z**2 + 20*z - 16. Calculate g(1).
1075
Let g(h) = 1988*h**2 + 79520*h - 7. Determine g(-40).
-7
Let p(y) = 1332*y + 5410. Calculate p(-4).
82
Let v(j) = 990*j - 10759. Calculate v(10).
-859
Let m(w) = -6*w**2 + 17469*w - 34900. Give m(2).
14
Let w(b) = 15631*b + 2094579. What is w(-134)?
25
Let d(p) = 1371*p + 13880. Determine d(-10).
170
Let t(z) = z**3 - 17*z**2 + 73*z - 58. What is t(12)?
98
Let g(t) = 155403*t + 3108054. Give g(-20).
-6
Let f(c) = -2*c**3 + 1043*c**2 - 52998*c + 2566. Give f(57).
1
Let g(m) = 2*m**2 + 942*m - 74540. Determine g(69).
-20
Let m(s) = 361*s - 37702. Give m(104).
-158
Let v(w) = 464*w - 315. Give v(0).
-315
Let z(s) = -15*s**2 - 934*s - 14587. What is z(-32)?
-59
Let a(g) = 1459*g + 64801. Determine a(-44).
605
Let y(n) = -2*n**2 - 11316*n + 1945553. Calculate y(167).
3
Let t(h) = 304*h**3 - 3039*h**2 - 15*h + 55. Calculate t(10).
5
Let x(a) = 174*a**3 + 29231*a**2 - 180*a - 2030. Determine x(-168).
-14
Let w(v) = -10*v**2 - 797*v - 1334. Calculate w(-78).
-8
Let t(a) = -19*a**2 - 29*a - 19. Determine t(0).
-19
Let y(v) = 2*v**2 + 1507*v + 64432. What is y(-708)?
4
Let f(o) = -2*o**3 + 89*o**2 - 709*o + 33989. Give f(45).
59
Let n(y) = y**3 + 125*y**2 - 1062*y + 337. What is n(-133)?
71
Let u(t) = -12*t**2 + 2632*t + 26549. Calculate u(229).
-15
Let f(d) = d**3 + 1702*d**2 + 28628*d - 279. Calculate f(-17).
10
Let v(a) = -152*a**3 - 1367*a**2 - 145*a - 1396. Determine v(-9).
-10
Let d(z) = -8*z**2 + 142*z - 221. Calculate d(11).
373
Let a(g) = 16570*g + 232050. Calculate a(-14).
70
Let q(f) = 1308*f - 15387. Determine q(12).
309
Let y(g) = -6048*g - 85134. Give y(-14).
-462
Let a(f) = -4*f**3 - 919*f**2 + 1115*f - 9240. Determine a(-231).
0
Let w(j) = 6*j**3 + 39*j**2 + 47*j - 46. Give w(-3).
2
Let p(m) = m**3 + 31*m**2 - 135*m + 810. Determine p(-35).
635
Let b(s) = s**3 - 287*s**2 - 292*s + 1123. Give b(288).
-29
Let m(p) = -p**3 + 4461*p**2 + 17861*p - 12. Give m(-4).
-16
Let i(n) = -n**3 - 238*n**2 - 2234*n - 591150. Determine i(-239).
-103
Let p(o) = 99240*o + 24313792. What is p(-245)?
-8
Let l(i) = -5*i**3 + 26*i**2 + 548*i - 4088. Give l(7).
-693
Let a(k) = 32*k - 1269. Calculate a(39).
-21
Let n(x) = -3611*x - 93621. What is n(-26)?
265
Let b(a) = -2*a**3 + 3*a**2 + 6*a - 122. Determine b(-9).
1525
Let f(n) = -n**3 + 2*n**2 + 107*n + 28. Calculate f(12).
-128
Let n(z) = -2848*z + 5982. Determine n(2).
286
Let j(f) = -14084*f + 154653. What is j(11)?
-271
Let x(c) = -2*c**3 + 19*c**2 + 351*c + 170. Calculate x(19).
-20
Let d(m) = -3*m**3 - 201*m**2 - 204*m - 212. Give d(-66).
184
Let c(t) = -2*t**3 + 8*t**2 + 192*t - 39. Determine c(11).
379
Let g(z) = 13*z**2 - 28*z - 890. Give g(-17).
3343
Let t(n) = -14*n**2 - 27430*n - 82299. Determine t(-3).
-135
Let p(l) = 14496*l + 73157. What is p(-5)?
677
Let l(j) = -11*j**2 + 182*j - 3. Calculate l(16).
93
Let z(r) = 2*r**3 + 32*r**2 + 160*r + 2395. Calculate z(-17).
-903
Let n(b) = -1641*b + 351196. Calculate n(214).
22
Let q(w) = -15897*w - 15877. Give q(-1).
20
Let s(k) = -3*k**2 + 12*k + 804. Calculate s(-21).
-771
Let t(w) = -w**3 + 59*w**2 - 827*w - 94. Calculate t(31).
1177
Let s(b) = -b**3 + 627*b**2 - 1382*b + 82501. Determine s(625).
1
Let z(q) = 13*q**2 + 421*q - 6170. Calculate z(11).
34
Let m(c) = c**2 - 1375*c - 47885. Calculate m(-34).
21
Let o(f) = 6408*f - 314097. Give o(49).
-105
Let l(t) = -2*t**2 - 614*t + 19658. Give l(29).
170
Let w(r) = 7*r**3 - 530*r**2 - 341*r + 14806. Determine w(76).
442
Let z(x) = 2*x**3 - 40*x**2 + 697*x - 14063. Calculate z(20).
-123
Let k(i) = -i**3 - 3*i**2 - 39084*i - 156349. Determine k(-4).
3
Let w(q) = -3027*q + 2624406. Calculate w(867).
-3
Let j(t) = -t**3 + 44*t**2 + 493*t + 149. Determine j(53).
997
Let o(g) = -102*g + 25489. What is o(253)?
-317
Let x(y) = y**2 + 720*y + 71967. What is x(-120)?
-33
Let s(g) = 6354*g - 38198. Give s(6).
-74
Let o(d) = 10982*d - 384312. Give o(35).
58
Let x(f) = -4870*f - 19483. Calculate x(-4).
-3
Let h(v) = 22*v**3 - 3280*v**2 + 296*v + 293. What is h(149)?
-5
Let c(q) = q**3 + 36*q**2 - 1539*q - 12090. Give c(-7).
104
Let q(o) = -o**3 - 160*o**2 - 400*o - 38159. Give q(-159).
160
Let x(g) = -7*g**2 - 85610*g - 85609. What is x(-1)?
-6
Let f(u) = -6*u**3 - u**2 + 6*u - 5. What is f(-7)?
1962
Let q(g) = g**3 + 4*g**2 + 52*g + 347. Determine q(-7).
-164
Let i(r) = 7*r**3 - 195*r**2 - 230*r - 60. What is i(29)?
-2
Let n(r) = 3645*r + 1800649. What is n(-494)?
19
Let b(i) = 22803*i + 296540. Determine b(-13).
101
Let k(y) = -80*y**2 + 6163*y + 222. What is k(77)?
453
Let j(u) = u**3 + 4*u**2 - 140*u - 902. What is j(-7)?
-69
Let u(p) = 4763*p + 9805. What is u(-2)?
279
Let c(w) = 21*w**3 + 11*w**2 - 93*w - 98. Determine c(-1).
-15
Let p(o) = 317357*o - 952078. What is p(3)?
-7
Let v(h) = 4066*h - 18973. Calculate v(5).
1357
Let x(l) = 2*l**3 + 23*l**2 + 94*l + 71. Calculate x(-4).
-65
Let y(n) = -24*n**2 + 401*n + 5927. Determine y(-14).
-4391
Let g(h) = 33*h**3 - 17882*h**2 - 2172*h + 933. Determine g(542).
-1235
Let y(z) = -2376*z - 61870. Determine y(-26).
-94
Let j(c) = -2*c**3 - 35*c**2 - 200*c - 3041. Determine j(-17).
70
Let o(h) = -5*h**3 + 159*h**2 + 49*h - 41. Calculate o(32).
503
Let z(t) = 67*t**2 + 427*t - 1112. Give z(2).
10
Let p(f) = -f**3 - 241*f**2 + 428*f + 45105. Determine p(-242).
93
Let t(c) = -838*c**2 - 3349*c + 4. Give t(-4).
-8
Let q(u) = -3*u**3 - 100*u**2 - 497*u + 3226. What is q(-25)?
26
Let q(i) = i**3 + 13*i**2 - 1545*i - 18676. Give q(-12).
8
Let d(o) = -29*o**3 - 8*o**2 + 19*o + 43. Give d(-2).
205
Let f(p) = 6*p**2 - 1160*p + 365. Determine f(193).
-21
Let q(j) = j**3 - 553*j**2 - 10232*j + 1024. Determine q(-18).
196
Let p(w) = 6*w**3 + 16*w**2 - 39*w - 101. Calculate p(-2).
-7
Let s(v) = -v**2 + 100*v - 1982. Calculate s(81).
-443
Let x(v) = 36*v**3 - 129*v**2 + 189*v - 859. Determine x(4).
137
Let a(k) = -958825*k + 6711740. What is a(7)?
-35
Let z(d) = -23182*d - 6212777. Give z(-268).
-1
Let t(m) = -3422*m - 534096. What is t(-156)?
-264
Let l(j) = -j**3 - 112*j**2 + 698*j - 379. Give l(-118).
801
Let j(l) = 5*l**2 + 5786*l - 46611. Determine j(8).
-3
Let i(t) = t**2 - 1805*t - 190496. Determine i(-100).
4
Let i(h) = 261*h**3 + 42*h**2 + 2*h + 6. What is i(-1)?
-215
Let v(y) = -18254*y - 1752377. Determine v(-96).
7
Let j(h) = 3*h**2 + 1494*h - 49106. Give j(31).
91
Let p(z) = z**3 + z**2 - 2520*z + 21865. Give p(9).
-5
Let v(x) = -x**3 + 101*x**2 - 250*x - 1115. What is v(5)?
35
Let q(g) = 6*g**3 - 39*g**2 + 19*g + 42. Give q(6).
48
Let c(l) = 2*l**3 - 144*l**2 + 207*l - 4603. Give c(71).
12
Let x(g) = 10*g**2 + 1006*g - 119. What is x(-102)?
1309
Let h(x) = -43*x**2 - 11620*x - 23084. Give h(-2).
-16
Let a(b) = -2*b**2 + 27*b - 371. Determine a(8).
-283
Let x(k) = 5*k**2 + 4110*k + 24620. What is x(-6)?
140
Let l(b) = 14*b**2 - 27*b + 1544. Give l(0).
1544
Let d(w) = -22*w**3 + 233*w**2 - 331*w + 85. Determine d(9).
-59
Let v(s) = -89*s**2 - 46*s - 9. Determine v(0).
-9
Let h(z) = 25*z**2 + 394*z + 634. Give h(-14).
18
Let z(h) = h**3 - 115*h**2 + 239*h - 228. Determine z(113).
1241
Let q(h) = h**2 - 206*h - 2404. Give q(-11).
-17
Let r(o) = 3*o**3 + 71*o**2 - 458*o - 34. Give r(-29).
-208
Let m(s) = -s**2 - 49*s + 92. What is m(-28)?
680
Let u(r) = 36*r**2 - 151*r - 1348. Give u(-11).
4669
Let q(w) = -w**3 - 28*w**2 - 135*w + 254. Determine q(-10).
-196
Let